 8. What is i(5)?
48
Let z(n) = -3*n**3 - 346*n**2 + 233*n + 66. Give z(-116).
-50
Let m(i) = -4*i**2 - 17*i + 89. Determine m(-11).
-208
Let o(h) = -h**3 + 9*h**2 + 74*h - 68. Give o(14).
-12
Let g(o) = -o**2 - 34*o - 292. Determine g(-19).
-7
Let r(s) = s**2 - 412*s - 70. Calculate r(0).
-70
Let p(s) = -s**3 - 48*s**2 - 37*s + 481. What is p(-47)?
11
Let h(j) = -3*j**2 - 21*j - 68. Give h(-4).
-32
Let m(p) = 195*p**2 - 4100*p - 3. Determine m(21).
-108
Let w(h) = -3*h**2 + 67*h - 43. Give w(23).
-89
Let q(k) = -13*k**2 + 284*k - 1237. Determine q(6).
-1
Let k(t) = -t**3 + 3*t**2 + 121*t - 143. Calculate k(12).
13
Let g(m) = -59*m + 1718. Give g(29).
7
Let t(a) = -5*a**2 + 283*a - 665. Give t(54).
37
Let t(x) = -x**3 - 13*x**2 - 2*x + 50. Give t(-9).
-256
Let u(x) = 2036*x + 4077. Calculate u(-2).
5
Let u(h) = -30*h**3 + 5*h**2 + 5*h - 2. Determine u(2).
-212
Let q(p) = -18*p + 710. What is q(39)?
8
Let x(n) = n**3 - 3*n**2 - 36*n - 14. Determine x(-4).
18
Let k(l) = 72*l**2 + 1724*l - 4. Calculate k(-24).
92
Let m(b) = b**3 + 7*b**2 + 25*b - 11. Determine m(-8).
-275
Let s(i) = 2736*i - 21815. What is s(8)?
73
Let m(v) = 90*v + 856. Give m(-10).
-44
Let f(i) = -3*i**2 - 4*i + 30. Calculate f(-9).
-177
Let r(c) = -c**3 + 24*c**2 + 20*c + 136. Give r(25).
11
Let u(v) = -924*v - 6473. What is u(-7)?
-5
Let w(u) = -101*u - 1. Give w(0).
-1
Let h(w) = 10*w - 31. What is h(-3)?
-61
Let b(t) = 18*t + 341. Determine b(-31).
-217
Let d(a) = -2*a**3 - 7*a**2 - 4*a - 13. Determine d(-4).
19
Let t(m) = 69*m**2 + 373*m - 38. Determine t(-6).
208
Let q(d) = d**3 - 4*d**2 - 68*d + 88. Determine q(10).
8
Let z(c) = 951*c + 158810. Calculate z(-167).
-7
Let b(k) = -12*k**2 - 40*k - 4. Calculate b(-3).
8
Let y(i) = -20*i - 55. Give y(-2).
-15
Let f(c) = -c**3 - 11*c**2 + 22*c + 88. Determine f(-12).
-32
Let n(i) = i**3 - i**2 + 10*i - 47. Calculate n(4).
41
Let z(c) = 161*c + 564. Give z(-4).
-80
Let y(t) = -t**3 + 110*t**2 + 329*t + 1130. What is y(113)?
0
Let r(z) = -z**2 + 31*z + 155. Calculate r(-5).
-25
Let o(g) = 82*g - 31. Determine o(-6).
-523
Let z(w) = 88*w**2 - w - 2. Give z(2).
348
Let a(n) = n**3 + 49*n**2 - 266*n + 202. Give a(-54).
-14
Let m(q) = 16*q**2 + 10*q - 15. Calculate m(2).
69
Let x(d) = -4456*d + 10. Calculate x(0).
10
Let x(q) = -q**3 - 18*q**2 - 53*q - 18. What is x(-15)?
102
Let h(z) = -2*z**2 + 79*z + 451. Determine h(-5).
6
Let k(a) = -a**2 - 8*a - 65. Give k(-16).
-193
Let o(g) = 459*g - 73008. Calculate o(159).
-27
Let l(o) = -28*o - 1501. Give l(-49).
-129
Let m(l) = -l**3 - 24*l**2 - 77*l + 1. What is m(-4)?
-11
Let x(f) = 49*f + 5601. Calculate x(-115).
-34
Let y(z) = 2*z**3 - 6*z**2 + 16*z - 91. Determine y(4).
5
Let d(o) = o**3 - 3*o**2 - 2*o - 8. What is d(0)?
-8
Let t(o) = -3*o**2 - 24*o - 23. Calculate t(-5).
22
Let k(l) = l**3 - 52*l**2 + 2*l - 99. What is k(52)?
5
Let h(a) = -3914*a + 35221. Determine h(9).
-5
Let g(m) = -12*m**2 - 1148*m + 265. What is g(-96)?
-119
Let d(i) = -43*i + 689. What is d(16)?
1
Let y(m) = -3*m**2 - 3014*m + 12107. What is y(4)?
3
Let d(n) = -2*n**3 - 73*n**2 + 108*n + 37. Give d(-38).
265
Let a(i) = 14*i**2 + 1356*i - 196. What is a(-97)?
-2
Let c(g) = 8850*g - 8846. Calculate c(1).
4
Let g(c) = 6*c**2 + 16*c - 223. Calculate g(5).
7
Let i(w) = -10*w**2 + 37*w + 232. Calculate i(-3).
31
Let b(r) = -1440*r - 260632. What is b(-181)?
8
Let u(p) = -490*p - 1512. Calculate u(-3).
-42
Let k(a) = -39*a**3 + 22*a**2 - 29*a + 9. Calculate k(1).
-37
Let b(o) = 136*o - 395. Calculate b(3).
13
Let m(j) = -9*j**2 - 860*j - 483. What is m(-95)?
-8
Let d(o) = o**2 - 11*o - 27. Give d(23).
249
Let w(q) = 19*q + 270. Calculate w(-15).
-15
Let a(i) = 5355*i - 37457. Calculate a(7).
28
Let o(x) = -x**2 + 41*x - 166. Determine o(0).
-166
Let c(g) = -2617*g + 15723. Give c(6).
21
Let z(d) = 452*d + 2375. What is z(-5)?
115
Let l(o) = 2*o**3 + 310*o**2 + 1498*o - 295. Calculate l(-150).
5
Let p(w) = -w**3 + 6*w**2 + 62*w - 356. What is p(6)?
16
Let c(p) = -p**3 - 11*p**2 - 112*p - 1231. Give c(-11).
1
Let x(o) = -o**3 - 17*o**2 - 46*o + 14. What is x(-13)?
-64
Let k(f) = -3*f**3 - 17*f**2 - 27*f + 3. Give k(-3).
12
Let v(n) = 2269*n - 9071. What is v(4)?
5
Let v(a) = 3*a**3 + 94*a**2 - 63*a + 27. Give v(-32).
-5
Let d(j) = -4*j**2 + j - 22. Give d(-9).
-355
Let t(y) = -20*y + 1031. Give t(52).
-9
Let k(a) = 124*a - 864. What is k(7)?
4
Let p(n) = -n**2 - 102*n + 301. Determine p(3).
-14
Let z(l) = 2*l**2 + 16*l - 50. Give z(-12).
46
Let c(b) = 15*b - 268. Give c(-9).
-403
Let z(c) = -c**3 + 136*c**2 - 393*c - 807. What is z(133)?
-9
Let k(n) = n**2 - 9*n - 185. What is k(-23)?
551
Let u(r) = 89*r + 209. Give u(-6).
-325
Let m(d) = 11*d**2 - 8*d - 2. Calculate m(1).
1
Let s(d) = 2*d**2 + 6*d - 37. Determine s(4).
19
Let p(m) = -2*m**2 - 185*m - 3501. Calculate p(-66).
-3
Let l(h) = h**2 + 17*h + 4. Determine l(-15).
-26
Let t(o) = -2*o**2 - 840*o + 3380. Calculate t(4).
-12
Let a(f) = -f**3 - 11*f**2 + 186*f + 2031. Calculate a(-11).
-15
Let i(q) = q**3 - q**2 - 72*q + 53. Calculate i(-8).
53
Let y(i) = 5*i**3 - 12*i**2 + 11*i - 121. Give y(4).
51
Let n(t) = -t**3 + 16*t**2 + 61*t - 81. Determine n(19).
-5
Let c(h) = -h**3 + 76*h**2 - 155*h + 516. Give c(74).
-2
Let g(k) = k**3 + 70*k**2 - 1273*k + 180. Give g(-85).
10
Let d(a) = -a**3 - 87*a**2 - 70*a + 1367. Calculate d(-86).
-9
Let q(c) = -2*c**3 - 33*c**2 + 217*c + 1. Determine q(5).
11
Let v(l) = l**3 + 12*l**2 + 44*l - 16. Give v(-8).
-112
Let r(n) = -2*n**3 + 12*n**2 + 483*n + 473. What is r(-1)?
4
Let c(r) = -12274*r + 36827. Give c(3).
5
Let h(v) = 785*v - 11775. Give h(15).
0
Let t(u) = u**3 + 27*u**2 + 96*u - 9. Calculate t(-23).
-101
Let s(j) = 11*j - 1256. Give s(72).
-464
Let m(g) = g**2 + 29*g + 147. Give m(-6).
9
Let q(h) = -h**3 + 86*h**2 + 557*h + 25. Give q(-6).
-5
Let a(r) = 47*r - 652. Calculate a(13).
-41
Let s(i) = -i**2 - 96*i - 2120. Give s(-61).
15
Let o(r) = -1818*r + 14538. What is o(8)?
-6
Let y(d) = -3*d**2 - 80*d + 56. Give y(-28).
-56
Let i(d) = -4713*d + 14147. Calculate i(3).
8
Let z(m) = -54539*m + 163610. Determine z(3).
-7
Let b(x) = -x**3 + 70*x**2 + 372*x + 225. Determine b(75).
0
Let b(j) = -3915*j - 27409. Calculate b(-7).
-4
Let x(i) = i**3 - 24*i**2 + 91*i + 64. Calculate x(19).
-12
Let x(r) = -r**3 - 11*r**2 + 5*r + 29. Give x(-12).
113
Let p(y) = 3*y**3 - 53*y**2 + 40*y - 106. What is p(17)?
-4
Let v(r) = 2*r**2 + 19*r - 47. What is v(-11)?
-14
Let y(x) = -137*x**3 + 548*x**2 + 5*x - 7. What is y(4)?
13
Let i(d) = -5*d**3 + d - 1. Give i(2).
-39
Let q(a) = -11*a + 68. What is q(23)?
-185
Let c(l) = -3*l**2 - 286*l - 1859. What is c(-7)?
-4
Let o(x) = -x**2 - 48*x + 339. Determine o(-54).
15
Let s(y) = -y**3 + 5*y**2 + 127*y - 519. Give s(4).
5
Let n(v) = -3*v**2 + 15*v + 10. Give n(4).
22
Let g(t) = 143*t - 137. Give g(1).
6
Let s(m) = -m**2 + 94*m - 1634. What is s(23)?
-1
Let o(l) = l**3 + 119*l**2 + 237*l + 384. Give o(-117).
33
Let x(p) = p**3 - 5*p**2 - 15*p + 52. Give x(7).
45
Let d(b) = -4*b**3 - 55*b**2 - 37*b - 8. Give d(-13).
-34
Let p(w) = -w**2 - 45*w + 203. Determine p(4).
7
Let v(s) = -6*s + 232. What is v(39)?
-2
Let v(g) = 5*g + 123. Determine v(-16).
43
Let u(p) = 26*p**3 - 3*p**2 + 2. Give u(1).
25
Let f(j) = j**2 - 523*j + 3102. What is f(6)?
0
Let l(w) = w**3 - 53*w**2 + 326*w - 53. Determine l(46).
131
Let z(v) = 54*v + 4687. Determine z(-91).
-227
Let h(x) = x**2 - 2370*x + 18903. Determine h(8).
7
Let x(b) = b**3 + 197*b**2 + 392*b + 388. Determine x(-195).
-2
Let p(z) = -z**3 + 38*z**2 + 81*z. Calculate p(-2).
-2
Let u(m) = -55*m**3 + 2*m**2 - 24*m + 20. What is u(1)?
-57
Let n(u) = 70*u + 166. Determine n(-3).
-44
Let h(x) = 9*x**2 + 90*x + 183. Give h(-7).
-6
Let k(h) = 69*h + 356. Calculate k(-6).
-58
Let a(x) = 109*x - 5312. Give a(49).
29
Let y(s) = 174*s + 56. What is y(-3)?
-466
Let r(z) = 2*z**3 + 76*z**2 + 351*z - 2601. Determine r(-31).
-28
Let p(f) = 3*f**3 + 11*f**2 + 3*f - 61. Determine p(-6).
-331
Let c(q) = 16*q**2 + 21*q - 38. Give c(2).
68
Let b(j) = -2*j**3 - 9*j**2 + 33*j + 142. Give b(-3).
16
Let w(v) = -973*v + 3904. What is w(4)?
12
Let n(y) = 41*y**3 - 8*y**2 + 13*y - 4. What is n(1)?
42
Let a(c) = 1822*c - 9140. What is a(5)?
-30
Let h(j) = 16*j - 19. Give h(4).
45